e number?
False
Is 1018091 a prime number?
True
Is 27517 composite?
True
Is 29005 a composite number?
True
Is 49763 prime?
False
Is 598711 composite?
False
Is 9871 prime?
True
Is 19661 a prime number?
True
Is 291 composite?
True
Is 4063 a prime number?
False
Is 41771 a prime number?
True
Is 15769 composite?
True
Is 710791 composite?
False
Is 18599 a composite number?
True
Is 157007 a prime number?
True
Is 24193 composite?
True
Is 538 composite?
True
Is 344611 a prime number?
True
Is 9059 prime?
True
Is 16637 a composite number?
True
Is 37847 composite?
False
Is 32689 composite?
True
Is 214129 a prime number?
True
Is 141935 a composite number?
True
Is 12149 a prime number?
True
Is 5368993 a composite number?
True
Is 9031 a prime number?
False
Is 544861 a composite number?
False
Is 63463 prime?
True
Is 1013231 prime?
False
Is 1595029 a prime number?
False
Is 11539 composite?
True
Is 1709 a prime number?
True
Is 57671 a prime number?
False
Is 16603 composite?
False
Is 29239 a prime number?
False
Is 30341 a composite number?
False
Is 3691 composite?
False
Is 9467 composite?
False
Is 140297 composite?
False
Is 58003 a prime number?
False
Is 40181 a composite number?
True
Is 57254 prime?
False
Is 11699 composite?
False
Is 88369 composite?
True
Is 2179 a prime number?
True
Is 581 prime?
False
Is 1141541 a composite number?
False
Is 442733 a prime number?
True
Is 9157 composite?
False
Is 202519 a composite number?
False
Is 379873 prime?
False
Is 129929 a prime number?
False
Is 20021 prime?
True
Is 620981 a composite number?
False
Is 302945 a composite number?
True
Is 54521 a composite number?
False
Is 959323 a composite number?
False
Is 1182723 composite?
True
Is 3496433 composite?
False
Is 19489 a composite number?
False
Is 116497 composite?
True
Is 55433 prime?
False
Is 76967 a composite number?
True
Is 7789 a composite number?
False
Is 14483 a prime number?
False
Is 195287 a prime number?
False
Is 3761 a composite number?
False
Is 37941 prime?
False
Is 3137 prime?
True
Is 1505723 composite?
False
Is 51 composite?
True
Is 230137 composite?
False
Is 28151 prime?
True
Is 555941 a composite number?
False
Is 8915 a composite number?
True
Is 9173 composite?
False
Is 51749 composite?
False
Is 136163 a prime number?
True
Is 5855969 a composite number?
True
Is 91849 composite?
True
Is 991 a composite number?
False
Is 312359 prime?
False
Is 6139 a prime number?
False
Is 104333 a composite number?
True
Is 7985 composite?
True
Is 65921 prime?
True
Is 4111 prime?
True
Is 13641 composite?
True
Is 4397 prime?
True
Is 520787 a composite number?
False
Is 99317 a composite number?
False
Is 64777 a composite number?
True
Is 253199 a prime number?
False
Is 601855 a prime number?
False
Is 150349 prime?
False
Is 2823 a prime number?
False
Is 45481 prime?
True
Is 6499 composite?
True
Is 784495 prime?
False
Is 58541 composite?
True
Is 509 prime?
True
Is 301339 composite?
True
Is 22343 prime?
True
Is 224313 composite?
True
Is 2544787 prime?
False
Is 437137 composite?
False
Is 132329 prime?
True
Is 3227 prime?
False
Is 70049 prime?
False
Is 977 a prime number?
True
Is 11401 a composite number?
True
Is 690895 prime?
False
Is 30671 composite?
False
Is 83089 prime?
True
Is 43777 composite?
False
Is 924871 a composite number?
False
Is 1526521 a prime number?
True
Is 19243 composite?
True
Is 24317 composite?
False
Is 129313 a prime number?
True
Is 606433 a prime number?
True
Is 34163 a prime number?
False
Is 43718 composite?
True
Is 439 a prime number?
True
Is 2014081 a prime number?
True
Is 46807 a composite number?
False
Is 67739 prime?
False
Is 34819 a prime number?
True
Is 80141 prime?
True
Is 162842 a composite number?
True
Is 3149 a prime number?
False
Is 83051 a composite number?
True
Is 1689 composite?
True
Is 12079 a composite number?
True
Is 34003 a prime number?
False
Is 4354109 a composite number?
True
Is 256337 a prime number?
True
Is 383497 prime?
False
Is 79941 prime?
False
Is 14971 a composite number?
True
Is 16501 a composite number?
True
Is 584533 prime?
False
Is 17077 a prime number?
True
Is 290369 composite?
False
Is 14923 a composite number?
False
Is 739595 prime?
False
Is 32987 composite?
False
Is 357683 composite?
False
Is 55079 a prime number?
True
Is 15031 a composite number?
False
Is 287759 a prime number?
False
Is 59197 a composite number?
False
Is 25663 prime?
False
Is 993 a prime number?
False
Is 66829 a composite number?
True
Is 2569 a prime number?
False
Is 306239 a composite number?
False
Is 45523 a prime number?
True
Is 15439 prime?
True
Is 564385 a composite number?
True
Is 13963 a composite number?
False
Is 31439 prime?
False
Is 464941 a composite number?
False
Is 178753 a prime number?
True
Is 605627 a composite number?
True
Is 147207 composite?
True
Is 2497937 a prime number?
False
Is 356171 prime?
True
Is 10661 a composite number?
True
Is 1718243 a composite number?
True
Is 7039 a prime number?
True
Is 51827 a composite number?
False
Is 118315 a composite number?
True
Is 175519 a composite number?
False
Is 7451 composite?
False
Is 172741 a prime number?
True
Is 6491 prime?
True
Is 61159 a prime number?
False
Is 393949 a composite number?
True
Is 16333 prime?
True
Is 14435 composite?
True
Is 422453 prime?
True
Is 69 prime?
False
Is 235987 prime?
False
Is 955 prime?
False
Is 194113 prime?
True
Is 494023 a composite number?
False
Is 16973 prime?
False
Is 40217 prime?
False
Is 167051 composite?
False
Is 5963 composite?
True
Is 16123 a composite number?
True
Is 119914 prime?
False
Is 26021 prime?
True
Is 2095617 a prime number?
False
Is 138053 composite?
False
Is 174569 a prime number?
True
Is 328433 prime?
False
Is 23105 a prime number?
False
Is 3479269 prime?
False
Is 1306451 composite?
False
Is 2294113 a prime number?
True
Is 32543 composite?
True
Is 28687 a composite number?
False
Is 45361 a prime number?
True
Is 1319 composite?
False
Is 175793 composite?
True
Is 312757 composite?
False
Is 2147 a composite number?
True
Is 44503 a composite number?
True
Is 23801 a composite number?
False
Is 147973 prime?
False
Is 19547 a prime number?
False
Is 2912197 a prime number?
True
Is 70753 a prime number?
True
Is 22397 composite?
False
Is 9293 composite?
False
Is 28685 composite?
True
Is 1151695 a prime number?
False
Is 294431 a prime number?
True
Is 71129 a composite number?
False
Is 1523939 prime?
True
Is 407 prime?
False
Is 11707 prime?
False
Is 13217 a prime number?
True
Is 608579 composite?
True
Is 12763 a prime number?
True
Is 14131 a composite number?
True
Is 38401 a composite number?
True
Is 41843 prime?
True
Is 1399955 a prime number?
False
Is 4481 composite?
False
Is 167194 a prime number?
False
Is 4663 prime?
True
Is 3233 a composite number?
True
Is 1623 composite?
True
Is 18897 prime?
False
Is 10267 a prime number?
True
Is 73771 a prime number?
True
Is 13043 prime?
True
Is 11863 a composite number?
False
Is 8683 a composite number?
True
Is 14371 a composite number?
True
Is 74735 a prime number?
False
Is 5173 a composite number?
True
Is 15401 prime?
True
Is 4173001 a composite number?
True
Is 728111 a prime number?
False
Is 91753 prime?
True
Is 3989 a prime number?
True
Is 375742 a composite number?
True
Is 92821 a prime number?
True
Is 43481 composite?
False
Is 81751 prime?
False
Is 124451 composite?
True
Is 869717 a prime number?
True
Is 1102319 prime?
False
Is 9311 a prime number?
True
Is 103519 a prime number?
False
Is 9683 a prime number?
False
Is 211667 a prime number?
False
Is 4721399 composite?
True
Is 298651 prime?
True
Is 7855 composite?
True
Is 156347 prime?
True
Is 15763 a composite number?
True
Is 177999 a composite number?
True
Is 686611 a prime number?
True
Is 52586 prime?
False
Is 799 a prime number?
False
Is 72665 composite?
True
Is 75122 composite?
True
Is 84209 a prime number?
False
Is 30467 prime?
True
Is 238213 a prime number?
True
Is 141497 prime?
True
Is 118821 a prime number?
False
Is 116969 a prime number?
True
Is 2123 a composite number?
True
Is 116159 a composite number?
False
Is 3171839 a composite number?
True
Is 91789 composite?
True
Is 230151 prime?
False
Is 43346 a composite number?
True
Is 39982 a prime number?
False
Is 25859 a composite number?
True
Is 34459 composite?
True
Is 5261 a composite number?
F